False
Is 16 a factor of 389264?
True
Is 1597091 a multiple of 41?
False
Is 8 a factor of 150080?
True
Is 152112 a multiple of 16?
True
Is 1627272 a multiple of 5?
False
Is 1248940 a multiple of 1540?
True
Is 232235 a multiple of 18?
False
Is 16 a factor of 710288?
True
Is 2923903 a multiple of 7?
False
Is 9 a factor of 1067282?
False
Does 22 divide 97765?
False
Is 79741 a multiple of 109?
False
Is 1043640 a multiple of 669?
True
Is 62 a factor of 15467264?
True
Is 6635727 a multiple of 390?
False
Is 22 a factor of 377760?
False
Is 44 a factor of 5389?
False
Is 37 a factor of 106486?
True
Does 3 divide 1379132?
False
Is 10 a factor of 785462?
False
Is 23 a factor of 269503?
False
Is 69280 a multiple of 20?
True
Is 1519 a factor of 1690647?
True
Is 282 a factor of 3355800?
True
Is 8845913 a multiple of 20?
False
Is 5 a factor of 3794345?
True
Is 301440 a multiple of 60?
True
Is 5731330 a multiple of 25?
False
Is 4 a factor of 3275039?
False
Does 179 divide 67155?
False
Is 379296 a multiple of 29?
False
Is 112708 a multiple of 12?
False
Is 178 a factor of 2393122?
False
Is 2755280 a multiple of 155?
True
Does 53 divide 385893?
True
Does 5 divide 8741?
False
Does 74 divide 3112483?
False
Is 35770 a multiple of 31?
False
Does 10 divide 103660?
True
Is 2528333 a multiple of 101?
True
Is 66 a factor of 20755?
False
Does 212 divide 15100084?
False
Is 24 a factor of 31536?
True
Is 146 a factor of 858320?
False
Does 59 divide 822106?
True
Is 739934 a multiple of 13?
True
Does 571 divide 630997?
False
Is 26229 a multiple of 44?
False
Is 523360 a multiple of 32?
True
Is 666 a factor of 4051944?
True
Is 29 a factor of 667783?
True
Does 12 divide 357529?
False
Is 635 a factor of 348357?
False
Does 71 divide 115730?
True
Does 5 divide 1711770?
True
Is 48584 a multiple of 2?
True
Is 15 a factor of 8520?
True
Does 46 divide 2035362?
True
Is 9299664 a multiple of 8?
True
Is 389 a factor of 917168?
False
Is 175010 a multiple of 5?
True
Is 310 a factor of 26409?
False
Does 118 divide 965880?
False
Does 12 divide 2376228?
True
Is 179 a factor of 4682819?
True
Does 37 divide 18419373?
False
Is 124 a factor of 1623583?
False
Is 10850 a multiple of 6?
False
Does 14 divide 6969658?
False
Does 29 divide 176118?
False
Does 43 divide 100439?
False
Is 526 a factor of 156379?
False
Does 23 divide 4124590?
True
Does 93 divide 69485?
False
Is 6 a factor of 108359?
False
Does 23 divide 135378?
True
Is 517793 even?
False
Does 283 divide 1413302?
True
Is 1078277 a multiple of 18?
False
Does 31 divide 227269?
False
Is 280953 a multiple of 6?
False
Is 369 a factor of 117341?
False
Is 7259625 a multiple of 717?
True
Is 130 a factor of 216710?
True
Is 44985 a multiple of 26?
False
Does 18 divide 377064?
True
Does 112 divide 2552928?
True
Is 418 a factor of 1726340?
True
Is 139971 a multiple of 13?
True
Is 151941 a multiple of 85?
False
Is 10 a factor of 203900?
True
Is 5377632 a multiple of 26?
True
Is 217 a factor of 22156134?
True
Is 6653716 a multiple of 23?
True
Is 453548 a multiple of 284?
True
Is 265 a factor of 1069540?
True
Is 872 a factor of 4981913?
False
Does 474 divide 199080?
True
Does 22 divide 397625?
False
Is 355012 a multiple of 217?
True
Does 16 divide 2407668?
False
Is 1229238 a multiple of 6?
True
Does 33 divide 35145?
True
Does 14 divide 2742324?
False
Is 131162 a multiple of 16?
False
Does 511 divide 16194739?
False
Does 220 divide 6512558?
False
Is 1524225 a multiple of 25?
True
Is 32 a factor of 912224?
True
Is 364169 a multiple of 109?
True
Does 5 divide 121879?
False
Is 47 a factor of 271472?
True
Is 2085939 a multiple of 27?
True
Does 1483 divide 6142586?
True
Is 411306 a multiple of 147?
True
Is 15 a factor of 56946?
False
Does 296 divide 2070293?
False
Is 238416 a multiple of 12?
True
Does 147 divide 362502?
True
Does 334 divide 565796?
True
Does 1729 divide 11989392?
False
Does 146 divide 402522?
True
Does 394 divide 420515?
False
Does 637 divide 6451864?
False
Is 8 a factor of 21084?
False
Is 17 a factor of 463651?
False
Is 396 a factor of 339372?
True
Is 489404 a multiple of 233?
False
Does 915 divide 9701757?
False
Is 333720 a multiple of 324?
True
Does 203 divide 6356945?
True
Is 64081 a multiple of 104?
False
Is 2092261 a multiple of 15?
False
Does 5 divide 7789611?
False
Does 75 divide 16224675?
True
Does 37 divide 118520?
False
Is 98929 a multiple of 86?
False
Is 138 a factor of 150538?
False
Is 3 a factor of 22688?
False
Does 423 divide 1842165?
True
Is 28 a factor of 101708?
False
Does 32 divide 1013536?
True
Is 264 a factor of 82632?
True
Does 18 divide 9351270?
True
Does 17 divide 462983?
False
Does 32 divide 875104?
True
Is 10 a factor of 4559600?
True
Does 156 divide 9169680?
True
Does 7 divide 586922?
True
Is 20 a factor of 1910791?
False
Is 246 a factor of 81918?
True
Does 19 divide 186371?
True
Is 15 a factor of 821413?
False
Is 430800 a multiple of 75?
True
Is 109 a factor of 234241?
True
Does 7 divide 934787?
True
Does 8 divide 19608416?
True
Does 455 divide 114053?
False
Is 182 a factor of 80080?
True
Is 100769 a multiple of 3?
False
Is 153920 a multiple of 64?
True
Is 41 a factor of 24282?
False
Is 2284576 a multiple of 56?
True
Does 444 divide 454656?
True
Does 1228 divide 3122804?
True
Is 3632370 a multiple of 168?
False
Is 15 a factor of 995325?
True
Is 18150890 a multiple of 22?
False
Is 15563432 a multiple of 646?
True
Does 145 divide 143347?
False
Is 2 a factor of 102275?
False
Is 2892408 a multiple of 152?
True
Is 10 a factor of 8277867?
False
Is 14 a factor of 98554?
False
Is 45073 a multiple of 19?
False
Is 989906 a multiple of 445?
False
Does 106 divide 531060?
True
Does 8 divide 2302670?
False
Is 9 a factor of 2164051?
False
Does 242 divide 533610?
True
Is 2131560 a multiple of 155?
True
Does 19 divide 1047090?
True
Is 17 a factor of 7633391?
True
Does 337 divide 9623372?
True
Is 2905 a multiple of 83?
True
Is 1893567 a multiple of 299?
True
Is 5 a factor of 153770?
True
Is 29 a factor of 7850300?
True
Is 242 a factor of 462704?
True
Is 40660 a multiple of 428?
True
Is 99098 a multiple of 133?
False
Does 10 divide 133690?
True
Is 1300338 a multiple of 117?
True
Is 727375 a multiple of 23?
True
Is 13 a factor of 332475?
True
Is 1030550 a multiple of 231?
False
Is 5796311 a multiple of 135?
False
Is 339 a factor of 405783?
True
Is 48 a factor of 13503792?
True
Does 254 divide 8478012?
True
Is 26 a factor of 129541?
False
Is 371736 a multiple of 24?
True
Is 3 a factor of 9100?
False
Is 226560 a multiple of 12?
True
Is 381 a factor of 353568?
True
Is 481194 a multiple of 12?
False
Is 1848505 even?
False
Is 16 a factor of 2924526?
False
Does 26 divide 79040?
True
Is 20 a factor of 320780?
True
Is 276520 a multiple of 20?
True
Is 184795 a multiple of 132?
False
Is 19 a factor of 18067863?
False
Is 453960 a multiple of 97?
True
Is 60383 a multiple of 4?
False
Is 225 a factor of 147058?
False
Does 19 divide 75240?
True
Is 428 a factor of 2739700?
False
Is 807310 a multiple of 11?
False
Is 247 a factor of 549575?
True
Is 4553559 a multiple of 139?
False
Is 52555 a multiple of 4?
False
Is 41 a factor of 7006372?
False
Does 9 divide 2386559?
False
Is 14 a factor of 376340?
False
Does 99 divide 86328?
True
Is 984820 a multiple of 41?
True
Does 104 divide 719888?
True
Is 1814400 a multiple of 576?
True
Is 1028 a factor of 7301341?
False
Is 54 a factor of 407538?
True
Is 103688 a multiple of 13?
True
Is 11107214 a multiple of 11?
False
Is 1568 a factor of 1633351?
False
Is 137384 a multiple of 18?
False
Is 50 a factor of 145783?
False
Is 1826770 a multiple of 54?
False
Does 9 divide 24372?
True
Is 14 a factor of 1315430?
False
Is 289 a factor of 1172473?
True
Is 759059 a multiple of 149?
False
Is 70 a factor of 5670?
True
Does 9 divide 1867935?
False
Does 11 divide 188133?
True
Is 11703204 a multiple of 881?
True
Is 2415216 a multiple of 24?
True
Does 13 divide 274638?
True
Is 74 a factor of 82954?
True
Does 53 divide 905558?
True
Is 218 a factor of 1195948?
True
Is 1039315 a multiple of 153?
False
Is 11281168 a multiple of 8?
True
Does 16 divide 302032?
True
Is 1356952 a multiple of 8?
True
Is 10 a factor of 136552?
False
Is 366784 a multiple of 89?
False
Is 11 a factor of 4610569?
False
Is 1534515 a multiple of 2?
False
Does 52 